f 316290667.
7, 11, 137, 29983
List the prime factors of 12423469.
97, 211, 607
List the prime factors of 367844250.
2, 3, 5, 490459
List the prime factors of 47499458.
2, 197, 120557
List the prime factors of 91003362.
2, 3, 197, 76991
What are the prime factors of 24967899?
3, 11, 84067
List the prime factors of 2513364845.
5, 502672969
What are the prime factors of 951243968?
2, 19, 419, 1867
What are the prime factors of 235144590?
2, 3, 5, 7838153
What are the prime factors of 1901716349?
13, 2621, 55813
List the prime factors of 223729949.
223729949
What are the prime factors of 2384743942?
2, 7, 2087, 81619
What are the prime factors of 255602064?
2, 3, 479, 11117
What are the prime factors of 43284754?
2, 17, 151, 8431
List the prime factors of 49645166.
2, 431, 57593
What are the prime factors of 14896276?
2, 3724069
What are the prime factors of 3802150311?
3, 1267383437
What are the prime factors of 30058056?
2, 3, 7, 23, 2593
What are the prime factors of 58011120?
2, 3, 5, 107, 251
What are the prime factors of 82359586?
2, 41179793
List the prime factors of 169555478.
2, 61, 1129, 1231
List the prime factors of 1913345845.
5, 43, 53, 167911
What are the prime factors of 498475713?
3, 61, 2723911
List the prime factors of 1366595424.
2, 3, 4745123
What are the prime factors of 7381062272?
2, 79, 729931
List the prime factors of 5547449050.
2, 5, 11, 13, 53, 14639
What are the prime factors of 5828213235?
3, 5, 13, 19, 82793
List the prime factors of 5867607489.
3, 71, 103, 267451
List the prime factors of 3428833691.
9547, 359153
List the prime factors of 26040921.
3, 8680307
List the prime factors of 2487587906.
2, 281, 4426313
What are the prime factors of 21977463?
3, 421, 17401
List the prime factors of 4020052663.
11, 365459333
List the prime factors of 11227861.
11227861
What are the prime factors of 741882328?
2, 11, 31, 151, 1801
What are the prime factors of 97131468?
2, 3, 7, 1156327
List the prime factors of 8666320.
2, 5, 13, 641
List the prime factors of 207523761.
3, 6491, 10657
What are the prime factors of 29218462?
2, 7, 13, 160541
What are the prime factors of 2644863265?
5, 11, 23, 101, 127, 163
List the prime factors of 372295329.
3, 7, 19, 49109
List the prime factors of 13539686.
2, 23, 294341
List the prime factors of 15539510.
2, 5, 7, 73, 3041
What are the prime factors of 199932823?
3793, 52711
List the prime factors of 14018121.
3, 13, 119813
What are the prime factors of 10831880?
2, 5, 270797
What are the prime factors of 102126607?
11, 9284237
List the prime factors of 60878628.
2, 3, 187897
List the prime factors of 925245513.
3, 89, 241, 4793
What are the prime factors of 1469657776?
2, 53, 1733087
What are the prime factors of 378898205?
5, 7, 23, 461, 1021
What are the prime factors of 101787770?
2, 5, 7, 521, 2791
List the prime factors of 1250444721.
3, 191, 1289, 1693
What are the prime factors of 5899030917?
3, 13, 151257203
List the prime factors of 2890298796.
2, 3, 7, 11, 67, 46687
List the prime factors of 1355857607.
13, 53, 227, 8669
List the prime factors of 1228767443.
103, 11929781
What are the prime factors of 28390149?
3, 373, 2819
List the prime factors of 309397327.
309397327
List the prime factors of 17618330.
2, 5, 1761833
List the prime factors of 410998594.
2, 205499297
What are the prime factors of 264168371?
41, 6443131
List the prime factors of 30160893.
3, 7, 347, 4139
List the prime factors of 1015591894.
2, 41, 12385267
List the prime factors of 18450457.
17, 37, 29333
List the prime factors of 55497700.
2, 5, 554977
What are the prime factors of 26634245?
5, 11, 484259
List the prime factors of 87454043.
87454043
What are the prime factors of 544841512?
2, 79, 877, 983
List the prime factors of 4776877767.
3, 29, 54906641
List the prime factors of 2457236141.
2457236141
List the prime factors of 3955249574.
2, 199, 479, 20747
List the prime factors of 5112633711.
3, 53, 1193, 26953
What are the prime factors of 569511112?
2, 71188889
List the prime factors of 159843241.
61, 179, 14639
List the prime factors of 98030735.
5, 11, 1782377
What are the prime factors of 29060418?
2, 3, 4843403
List the prime factors of 849825.
3, 5, 1259
List the prime factors of 9594241.
233, 41177
What are the prime factors of 4338875624?
2, 3023, 179411
List the prime factors of 394839417.
3, 7, 197, 95441
List the prime factors of 86223256.
2, 7, 43, 61, 587
What are the prime factors of 66955361?
11, 6086851
List the prime factors of 1837967377.
4001, 459377
List the prime factors of 1992858907.
13, 6659, 23021
What are the prime factors of 99559254?
2, 3, 47, 353047
List the prime factors of 6270141773.
7, 17, 7527181
List the prime factors of 2554445833.
853, 2994661
What are the prime factors of 19409093?
11, 1764463
List the prime factors of 663138018.
2, 3, 41, 898561
List the prime factors of 42471273.
3, 13, 167, 6521
List the prime factors of 2286469761.
3, 762156587
What are the prime factors of 1782854133?
3, 1619, 367069
List the prime factors of 4674358778.
2, 2337179389
List the prime factors of 103692188.
2, 23, 271, 4159
List the prime factors of 911483431.
911483431
What are the prime factors of 121008272?
2, 7, 11, 98221
What are the prime factors of 398966644?
2, 47, 2122163
What are the prime factors of 10322343?
3, 443, 863
What are the prime factors of 11792441?
17, 47, 14759
List the prime factors of 242193912.
2, 3, 19, 61, 8707
What are the prime factors of 332837229?
3, 110945743
What are the prime factors of 12602634?
2, 3, 11, 17359
List the prime factors of 49855779.
3, 5539531
List the prime factors of 136275701.
47, 2899483
List the prime factors of 157751185.
5, 61, 517217
What are the prime factors of 194145448?
2, 7, 495269
List the prime factors of 20357260.
2, 5, 7, 11, 13219
What are the prime factors of 365488051?
181, 2019271
List the prime factors of 127224915.
3, 5, 8481661
List the prime factors of 2892020595.
3, 5, 409, 613, 769
List the prime factors of 167804592.
2, 3, 127, 27527
What are the prime factors of 96836768?
2, 7, 19, 61, 373
List the prime factors of 76780575.
3, 5, 113749
What are the prime factors of 282687915?
3, 5, 31, 607931
List the prime factors of 30593532.
2, 3, 2549461
List the prime factors of 3045444737.
3045444737
List the prime factors of 3644498454.
2, 3, 17, 43, 830939
What are the prime factors of 4080261?
3, 1360087
What are the prime factors of 228619282?
2, 3793, 30137
List the prime factors of 29962080.
2, 3, 5, 20807
List the prime factors of 1519566869.
53, 28671073
List the prime factors of 5468705420.
2, 5, 71, 163, 23627
List the prime factors of 12585268.
2, 1327, 2371
What are the prime factors of 7325283154?
2, 7, 523234511
What are the prime factors of 6224452676?
2, 13, 31, 113, 34171
What are the prime factors of 1559405385?
3, 5, 1583, 7297
List the prime factors of 59020994.
2, 37, 797581
What are the prime factors of 634669265?
5, 631, 201163
List the prime factors of 48020229.
3, 47, 79, 479
List the prime factors of 2324341942.
2, 13, 109, 820163
List the prime factors of 1038218445.
3, 5, 11, 43, 71, 229
List the prime factors of 89598696.
2, 3, 11, 339389
What are the prime factors of 110746672?
2, 43, 160969
What are the prime factors of 35032024?
2, 4379003
List the prime factors of 1862191813.
1862191813
What are the prime factors of 472034604?
2, 3, 37, 307, 3463
List the prime factors of 52219980.
2, 3, 5, 19, 15269
What are the prime factors of 47327421?
3, 31, 179, 2843
What are the prime factors of 172736197?
83, 2081159
What are the prime factors of 58040160?
2, 3, 5, 120917
List the prime factors of 373896100.
2, 5, 37, 139, 727
List the prime factors of 177230534.
2, 13, 31, 219889
List the prime factors of 4747776587.
23, 43, 208721
What are the prime factors of 147343508?
2, 13, 2833529
What are the prime factors of 2072456509?
43, 53, 909371
List the prime factors of 126232096.
2, 23, 7457
List the prime factors of 632416204.
2, 7, 22586293
What are the prime factors of 47454466?
2, 41, 383, 1511
List the prime factors of 2292414144.
2, 3, 19, 103, 6101
What are the prime factors of 75361011?
3, 11, 19, 120193
List the prime factors of 49082781.
3, 11, 41, 36277
List the prim